c + 101. List the prime factors of j.
2, 43
Suppose 22130 = b + 3*k, 5*b - 53280 - 57347 = 8*k. What are the prime factors of b?
7, 29, 109
Suppose -6*j + 7*j = t - 5678, -t = 2*j - 5684. Suppose 29*m + t = 37*m. List the prime factors of m.
2, 5, 71
Suppose -5*x - 22 = c, -x - 7 = -5*c + 13. Let w(m) = 2*m**2 - 4*m + 1. Let v be w(c). Suppose v*y = -2*y + 936. What are the prime factors of y?
2, 13
Let w = -1875 - -3155. Let f = -592 + w. Suppose -6*g - f = -14*g. List the prime factors of g.
2, 43
Let u = -48 + 28. Let y = u + 79. Let q = y - 45. What are the prime factors of q?
2, 7
Suppose -18*o + 349296 = -2*o. What are the prime factors of o?
3, 19, 383
Let u = -1770 + 4061. What are the prime factors of u?
29, 79
Let p(z) = z**3 - 6*z**2 - 7*z - 2. Let m(c) = c**2 - 9. Let q be m(4). Let d be p(q). Let l(t) = -7*t + 3. What are the prime factors of l(d)?
17
Let m be (-9)/6 + (-2)/(-4). Let l(r) = -88*r**3 + r**2 + 3*r + 2. Let n be l(m). Let p = -35 + n. What are the prime factors of p?
53
Suppose 3*o - 2*y = 11, -3*o - 5*y = -7*o + 10. Suppose -d = 1, -o*p - 1296 + 4777 = 4*d. What are the prime factors of p?
17, 41
Suppose 16*x + 8*x - 36072 = 0. Suppose 6*v - 1545 - x = 0. List the prime factors of v.
2, 127
Let l be (-6)/4*(-16)/12. Suppose d + 84 = -l*d. List the prime factors of d*(25/10)/((-2)/1).
5, 7
Let z be (-24)/60 - 27/(-5). Suppose 126 = -v + 2*j + j, 378 = -3*v - z*j. Let u = 270 + v. List the prime factors of u.
2, 3
Let g(a) = 40*a**2 + 55*a - 470. List the prime factors of g(13).
3, 5, 467
Let b = 116 - 27. Suppose 0*k = -22*k + 8734. Suppose 4*v = k - b. What are the prime factors of v?
7, 11
Let d = 382 - -223. Suppose 6*o - o - d = 0. Let f = o - 70. List the prime factors of f.
3, 17
Let q = -21264 + 38977. What are the prime factors of q?
17713
Suppose -d - 246*b = -243*b - 39128, -3*b + 234648 = 6*d. List the prime factors of d.
2, 13, 47
List the prime factors of (19738/5 + (-20)/10)*20/6.
2, 3, 137
Let n(u) = -u**2 + 8*u + 9. Let q be n(6). Suppose 9258 + 3069 = q*j. What are the prime factors of j?
587
Let p(h) = -2*h**3 - 119*h**2 + 34*h - 35. List the prime factors of p(-60).
5, 61
Let b(v) be the first derivative of -83*v**2 - 171*v - 177. What are the prime factors of b(-7)?
991
Let c = -6504 + 38937. What are the prime factors of c?
3, 19, 569
Let h = -46272 + 58268. What are the prime factors of h?
2, 2999
Suppose 0 = -3*o - o - 68. Let b(z) = -7*z - 7. Let s be b(o). Suppose -2*q + s = 2*q. List the prime factors of q.
2, 7
Let n(z) = -z**3 - 5*z**2 + 3*z + 21. Let p be n(-5). Suppose 0 = -0*c - 2*c - 8. List the prime factors of 2/c - (-1041)/p.
173
Let w be 36/(-10)*(-700)/60. Suppose -6295 = w*z - 30193. List the prime factors of z.
569
Let h be 209/44 + 1/4. Let f(l) = 221 + h*l**2 - 2*l - 126 - 117. What are the prime factors of f(5)?
3, 31
Suppose -63 = 27*l - 24*l. List the prime factors of (l - -23)*(-103)/(-1).
2, 103
Let f be (-1 - -7) + 0/29. What are the prime factors of (-140)/(2/(50/f*-3))?
2, 5, 7
Let k = -51 + 155. Suppose -3174 = -6*t - 3108. Suppose 7*u + k = t*u. What are the prime factors of u?
2, 13
Let q(v) = -2448*v - 673. List the prime factors of q(-6).
5, 2803
Let y be -1 - 76/(-8)*70. Suppose 0 = -3*g + 5*n + 841, 86 - y = -2*g - n. What are the prime factors of g?
7, 41
Suppose -4*b = -b - 3*h - 3, -b - 2*h + 13 = 0. Suppose 2*x = 3*m - 1750, -b*m - 2*x + 2895 = -x. What are the prime factors of m?
2, 5, 29
Let j = -17542 - -25675. List the prime factors of j.
3, 2711
Let g(w) = w**3 - w**2 + 15. Let a be g(0). Suppose -13*q + 16*q - a = 0. Suppose 33 = q*t - 232. List the prime factors of t.
53
Let j = -8932 + 15874. What are the prime factors of j?
2, 3, 13, 89
Suppose 0 = 3*o + 4*m - 53, -3*o - 9 + 63 = 3*m. Suppose 1066 = 22*n + o*n. List the prime factors of n.
2, 13
Let c(b) = -17*b**3 + b**2 + b + 1. Let o be c(-1). Let i(n) = -n**2 + 19*n + 8. Let h be i(o). Suppose -22*p - 432 = -h*p. List the prime factors of p.
2, 3
Suppose 0 = -d + 7 + 1. Let k(h) be the third derivative of h**5/60 - 3*h**4/8 + 10*h**3/3 - h**2 - 36*h. What are the prime factors of k(d)?
2, 3
Let d(c) = 23*c**2 - 9*c - 17. Let t be d(-2). Suppose 5*s = -f + 117, 10*f + s = 11*f - t. What are the prime factors of f?
97
Suppose 2*q - 44845 = -5*t, 7*t - 8*t - q = -8969. List the prime factors of t.
8969
Suppose 108 = -12*h + 36. List the prime factors of (54/72)/(h/(-1136)).
2, 71
Let g = 54 - 49. Suppose -g*j + 4*a + 3491 = -0*a, -a - 4 = 0. List the prime factors of j.
5, 139
Suppose 57*r - 50804 = -4577. List the prime factors of r.
811
Suppose -2*z = 8 - 178. Suppose -5*w + 2*w = -15, -3*m + 2*w = z. Let p = 93 + m. List the prime factors of p.
2, 17
Let l = 43464 - 15156. What are the prime factors of l?
2, 3, 7, 337
Let d = -1380 + 689. Let s = -493 - d. List the prime factors of s.
2, 3, 11
Suppose 0 = -25*x + 22*x + 15, x = 3*s + 1268. Let m = -238 - s. What are the prime factors of m?
3, 61
Suppose -54*s = -47*s - 13391. Suppose 2554 = 4*r - 5*f, 0 = r + 2*r - 5*f - s. List the prime factors of r.
641
Let j = -31392 + 82917. List the prime factors of j.
3, 5, 229
What are the prime factors of -2 + ((-8)/56)/((-1)/7) + 1185?
2, 37
Let u be ((-14168)/55)/(((-2)/(-20))/(-1)). Suppose u = -f + 17*f. What are the prime factors of f?
7, 23
Let p = -27 - -4267. What are the prime factors of p?
2, 5, 53
What are the prime factors of (-2)/(5/3*3 - (-893928)/(-178784))?
2, 37, 151
Let s be (8/(-6))/(8/(-12)). Suppose 0*v - 2129 = -s*b + v, -4*b - 5*v = -4279. What are the prime factors of b?
2, 13, 41
Suppose -127*r - 638833 = -2399307. List the prime factors of r.
2, 29, 239
Let z(p) = p**3 - 2*p**2 + 4*p - 9. Let m be z(3). What are the prime factors of (-9 - (-148)/m)*336/5?
2, 7
Suppose 6825 = 75*s - 62*s. Let r = 469 + s. What are the prime factors of r?
2, 7, 71
List the prime factors of 203304/42 + 7 + 128/(-28) + 4.
37, 131
Suppose -2 = -2*b + 10. Suppose 2*t + 4 = 0, r - b*r - t - 32 = 0. What are the prime factors of 9/6*(-332)/r?
83
Suppose 20*a + d - 15551 = 18*a, 4*a - 4*d = 31072. List the prime factors of a.
3, 2591
Suppose 175*w = 171*w - 548. Let y = w + 377. What are the prime factors of y?
2, 3, 5
Let y = -49 + 54. Suppose -x + 5*h = -115, -y*x + 0*h = -4*h - 680. Suppose -x = 2*w - 3*w. What are the prime factors of w?
2, 5, 7
Suppose 0 = -4*j + 3891 - 75. Suppose -5*a + j = 3*w, 3*w - 5*w = -2*a + 388. Suppose -4*f = -3*x - a, -4*f = -0*f - 2*x - 196. List the prime factors of f.
3, 17
What are the prime factors of 2/(-1 + 42402/8480 - (-12)/(-3))?
2, 5, 53
Let z = -3637 + 8449. What are the prime factors of z?
2, 3, 401
List the prime factors of (-54)/6 - (35/7 + -2225).
3, 11, 67
Suppose 7*q - 15625 = 11171. List the prime factors of (-10)/65 + q/39.
2, 7
Suppose n = 11 - 0. Let x = -9 + n. What are the prime factors of 5*x*(15/2 - 3)?
3, 5
List the prime factors of ((-96)/(-20))/((-47)/(-6345)).
2, 3
Let n = -70 + 314. Suppose -y + 157 = -n. What are the prime factors of y?
401
Let h(s) = 3*s**2 + 15*s + 49. Let t be h(23). Suppose 19*r - t = 12*r. What are the prime factors of r?
283
What are the prime factors of 20649 - 0 - (-902 - -928)?
41, 503
Let l(v) = 142*v - 641. What are the prime factors of l(15)?
1489
What are the prime factors of -17 - (-11450 - (-10 - -4))?
3, 13, 293
Suppose -2*j + 17116 - 1039 = m, 32157 = 4*j + 3*m. List the prime factors of j.
3, 19, 47
Suppose 444*c - 452*c + 81136 = 0. List the prime factors of c.
2, 11, 461
Suppose -2*m = -782 + 80. Suppose 10*q - q = m. What are the prime factors of q?
3, 13
Let g = -1012 + 3982. What are the prime factors of g?
2, 3, 5, 11
Let q(i) = -2*i**2 - 22*i + 5. Let o be q(-11). Suppose o*y - 2124 = -b + 3*b, 0 = 4*b + 8. What are the prime factors of y?
2, 53
Suppose 4007 + 396 = 37*n. Let f = n + 127. What are the prime factors of f?
2, 3, 41
Suppose -v = 4 - 8. Suppose 3*u = v*u + 2. List the prime factors of u*(-62 + (4 - 0)).
2, 29
Let b(p) = 27 + 3*p**2 + 27 - 2*p**2. Let w be b(0). Suppose w = m - 53. List the prime factors of m.
107
Let p(b) = -b**2 + 9*b + 5. Let z = 24 + -15. Let i be p(z). Let a(h) = 2*h**3 - 6*h**2 - 7*h - 1. What are the prime factors of a(i)?
2
Suppose 5*k = -k + 42. Suppose 0 